ided by s?
14
Let s(v) = -v**3 - 5*v**2 + 4. Let y be s(-4). Suppose 32 = 2*l + 16. Calculate the remainder when l is divided by 5/2*y/(-10).
2
Let m = 69 - 39. What is the remainder when 119 is divided by m?
29
Suppose 6*x - x - 35 = 0. Let o(f) = -2*f - 8. Let p be o(-10). What is the remainder when x is divided by 1/4 + 33/p?
1
Let a = -29 + 54. Calculate the remainder when a is divided by 7.
4
Let i(n) = n**3 + 10*n**2 + 5*n + 7. Suppose 0 = -5*t - 25, -4*p + p - t = -67. What is the remainder when i(-8) is divided by p?
23
Let l(n) = 5*n**2 - 2*n + 5. Calculate the remainder when l(4) is divided by 20.
17
Let b(k) = -k**3 - 10*k**2 - 8*k + 3. Suppose -i = 4*q + 25, -5*i = -i - 2*q + 28. Let g be b(i). Calculate the remainder when 31 is divided by 18 + 3/(g/4).
15
Let x(p) = -12*p + 66. Calculate the remainder when x(-6) is divided by 35.
33
Suppose -n + 16 = -1. Calculate the remainder when n is divided by 6.
5
Suppose x + 774 = 7*x. Suppose -5*n = -579 + x. Calculate the remainder when n is divided by 23.
21
Suppose 0 = -0*g + g. Let w(a) = a**2 + 2*a - 5. Calculate the remainder when w(5) is divided by 15 - (-1 + g + 0).
14
Suppose 3*i = 5*j + 129, 9*j + 225 = 5*i + 4*j. What is the remainder when 237 is divided by i?
45
Let n(m) = -m**2 + 11*m. Let k be (-1)/4 + (-3)/(-12). Suppose -3*f + 30 = -k*f. What is the remainder when n(f) is divided by 6?
4
Suppose 521*q + 36 = 523*q. What is the remainder when 84 is divided by q?
12
Let o = 158 - 107. What is the remainder when 203 is divided by o?
50
Calculate the remainder when (-1)/8*-134 + (-9)/12 is divided by 10.
6
Suppose 0 = 5*x - 144 - 341. What is the remainder when x is divided by 25?
22
Suppose 5*b = -g + 21, 5*b + 70 = -4*g + 229. Suppose 2*r - 46 = g. What is the remainder when r is divided by (17 + 1)*(-4)/(-6)?
10
Let s = 43 - 8. Calculate the remainder when s is divided by 13.
9
Let x(i) = -i**3 + 9*i**2 + 11*i + 11. Calculate the remainder when 61 is divided by x(10).
19
Let v be 5 - (-2)/(-2)*2. Suppose -v*c - 5*k = 4, -2*c + 16 = -7*c + k. Let y = 6 + c. What is the remainder when 7 is divided by y?
1
What is the remainder when ((-3)/2)/(6/(-104)) is divided by (14/(-6))/(5/(-30)*2)?
5
What is the remainder when -174*(-4 + (-35)/(-10))*1 is divided by 22?
21
Suppose -2*s + 3*o = -19, 3*o + 9 = 4*s - 20. Suppose 9 + 47 = 7*a. Calculate the remainder when a is divided by s.
3
Let t(g) = -7*g + 8. Let v(c) = -7*c + 7. Let m(p) = 6*t(p) - 7*v(p). Calculate the remainder when m(1) is divided by 2.
0
Suppose 0 = -92*r + 87*r + 100. What is the remainder when 37 is divided by r?
17
Suppose 67 = 3*x + 2*b, -x - 96 = -5*x - b. Suppose -17 = 2*r - 43. What is the remainder when x is divided by r?
12
Suppose 10 = 3*m + 2*m, 102 = 5*y - 4*m. What is the remainder when y is divided by 6?
4
Let h(x) = -x**3 + 14*x**2 - 11*x - 11. Suppose 5*f - 62 = -3*g + 4*g, 3*f - 42 = -g. Calculate the remainder when h(f) is divided by 6.
3
Let y(w) = w**2 - 5*w - 7. Calculate the remainder when 33 is divided by y(7).
5
Let j be (-12)/(-7) - 8/(-28). Suppose 30 = 5*v - j*v. Suppose -v = 5*o - 95. Calculate the remainder when 32 is divided by o.
15
Let t be (-2)/((-4)/(-6) + -1). Suppose -x + 15 = -4*g, -t = 3*g - 2*x + 3*x. Let a = g + 4. What is the remainder when 1 is divided by a?
0
Suppose 9*q - 4*q = 25. Suppose -q*t = 5 - 0, 5*d + t = 324. Calculate the remainder when d is divided by 17.
14
Let y = -35 + 49. What is the remainder when y is divided by 5?
4
Let b = 244 - 228. Let p(a) = 9*a**2 - 2*a - 2. What is the remainder when p(2) is divided by b?
14
Let x be (-4 + 1)/(6/8). Let p(q) = 2*q**2 + 1. What is the remainder when p(x) is divided by 9?
6
Let u = 30 - -2. Suppose -2*y + 61 = -5*l, -2*l + 6*y - 16 = y. Let s = l + u. What is the remainder when s is divided by 7?
5
Suppose 2*a - r + 57 = 7*a, -4*a + r = -51. What is the remainder when 23 is divided by a?
11
What is the remainder when 15 is divided by 4 + (-7 - -1) - -11?
6
Let o = -11 - -19. What is the remainder when 14 is divided by o?
6
Suppose 62 = 3*k - 133. Calculate the remainder when k is divided by 22.
21
Let x(c) = -3*c + 1. Let w be x(-1). Suppose m - 4*n + 7 = -6, -w*m - 5*n + 32 = 0. Calculate the remainder when 35/4 + (-4)/(-16) is divided by m.
0
Let i = 62 + -51. Calculate the remainder when i is divided by 11.
0
Let s = -9 - -8. Calculate the remainder when 20 is divided by (s - 0)/(4/(-28)).
6
Let k(c) = 6*c + 6. Let u = 3 - -2. What is the remainder when k(u) is divided by 19?
17
Suppose -4*x + 2*f + 70 = -0*x, 0 = -4*x - f + 85. Suppose -5*v + 22 = -3*v - 4*h, 3*v - 2*h - 25 = 0. Calculate the remainder when x is divided by v.
6
Let x(f) = 14*f**2 - 8*f. Calculate the remainder when x(3) is divided by 8.
6
Suppose 3*v + 27 = -3*t, -4*v + t - 5 = 16. Suppose -3*k = 2*n + 3*n + 34, -4*n = 20. Let o = k - v. What is the remainder when 4 is divided by o?
1
Suppose 3*p = 3*o - 21, -5*p + 0*p - 20 = 0. Suppose 7*u = o*u - 4*q + 152, 181 = 5*u - 4*q. What is the remainder when u is divided by 13?
11
Let b = 212 - 322. Let k = -72 - b. What is the remainder when k is divided by 0/(-2) - (-3 - 17)?
18
Let f(t) = 2*t. Let h be 3 + 3 + 1 + -2. What is the remainder when 39 is divided by f(h)?
9
Calculate the remainder when (-1008)/(-39) + (-2)/(-13) is divided by 14.
12
Suppose -u - 21 = -69. Calculate the remainder when u is divided by 17.
14
Suppose -28 = -0*o - 2*o. Let g = 20 - o. Suppose 80 + 56 = 8*b. What is the remainder when b is divided by g?
5
Let p = -4 - -9. Suppose -d = -p*d + 92. Calculate the remainder when 67 is divided by d.
21
Let x = -21 - -53. Let t = -83 + 144. Calculate the remainder when t is divided by x.
29
Let w be 0/(12/3) + 75. Suppose w + 24 = 3*u. Calculate the remainder when u is divided by 17.
16
Suppose 4*a - 21 - 28 = 3*s, -s + 37 = 4*a. Let t = 30 - a. Suppose -w = -3*w + t. Calculate the remainder when 18 is divided by w.
8
What is the remainder when 39 is divided by 8/(-20) - (-107)/5?
18
Let j be 1/(-1)*(-1 - 1). Suppose 0 = 5*p + 7*w - 2*w - 30, w = j. Calculate the remainder when 11 is divided by p.
3
Suppose l - 129 = -5*g + g, -3*l - 75 = -2*g. What is the remainder when g is divided by 18?
15
Suppose 0 = -5*w - 4*m + 75, 22 = -3*w - 2*m + 65. Calculate the remainder when 40 is divided by w.
7
Suppose -7*o = -3*o - 12, o - 113 = -5*a. What is the remainder when a is divided by 6?
4
Let b be (-45)/12 - 2/8. Let h = 6 - b. Calculate the remainder when 18 is divided by h.
8
Suppose -5*c + 230 = 2*z + 2*z, -c = z - 46. Calculate the remainder when c is divided by 17.
12
Calculate the remainder when 48 is divided by (2/(-5))/((-4)/170).
14
What is the remainder when 6/(-12) - (-5)/2 is divided by 2?
0
Let l(z) = 2*z**2 - 4*z + 1. Let j be 3*(-6)/(-3)*1. Let x(a) = -a**3 + 6*a**2 + 2*a - 9. What is the remainder when l(3) is divided by x(j)?
1
Suppose -4*t + 8*t - 196 = 0. Calculate the remainder when t is divided by 26.
23
Let u = 46 + -130. Let d = -50 - u. Calculate the remainder when d is divided by 9.
7
Let l(w) = -w**3 - 5*w**2 + 2*w + 3. Let n be l(-5). What is the remainder when 5 is divided by n/(-5) + 12/20?
1
Let x(r) = 4*r - 38. Calculate the remainder when 137 is divided by x(21).
45
Let k = -20 - -35. Let s(u) = -39*u + 3. What is the remainder when s(-1) is divided by k?
12
Let h(q) = 9*q**2 - 1. Let y be h(-1). Let a = y + -4. Calculate the remainder when 6 is divided by a.
2
Let l(b) = b**2 + 7*b + 2. Suppose 2*q + 5 = -9. Let x be l(q). Let c = 19 + x. Calculate the remainder when 41 is divided by c.
20
Let h = -13 + 21. What is the remainder when 23 is divided by h?
7
Suppose -13*m = -14*m + 20. What is the remainder when 157 is divided by m?
17
Let g = 50 - 38. Suppose 4*r - 8 = -3*k, -3*r = k - 0*r - 1. Suppose 4*z - 3*b - 131 = 0, -z - k*b + 48 - 1 = 0. What is the remainder when z is divided by g?
11
What is the remainder when 71 is divided by (96/(-28))/(2/(-14))?
23
Let k(s) = 0*s**2 - 5*s + 14 - s**2 - 8*s. What is the remainder when 53 is divided by k(-13)?
11
Let g(s) = -s**3 + 5*s**2 + 4. Let c be g(4). Suppose 2*o = -2*o + c. Let p(y) = y. What is the remainder when 9 is divided by p(o)?
4
Let b be 4/18 - 102/(-27). Suppose -2*g = -b*g + 16. Suppose 0*s =